- 2*s. What is the remainder when s is divided by i?
10
Let j(u) = -3*u + 259 - 3*u - 223 + 3*u. What is the remainder when 46 is divided by j(8)?
10
Suppose c + 5*h - 5 = 12, 3*h = c - 41. Let j = 38 + -27. What is the remainder when c is divided by j?
10
Suppose -550 = -0*z - 5*z. Let l(a) = a**3 + 3*a**2 - 13*a - 23. Calculate the remainder when z is divided by l(4).
36
Let u = 3 + 0. Suppose -u*x + 2*x = -11. Calculate the remainder when 41 is divided by x/4*12/3.
8
Let a(h) = 2*h**2 + 5*h + 7. Let s be (5 + -3)*(-57)/(-3). Suppose g - 4*m = 29, s + 59 = 5*g - 4*m. Calculate the remainder when a(-5) is divided by g.
15
Suppose 5*o = -2*o - 6412. What is the remainder when 71 is divided by 18/(-171) + o/(-38)?
23
Suppose 0 = -35*v + 33*v - 214. Let s = -77 - v. What is the remainder when 57 is divided by s?
27
Let a(y) = -16*y - 79. Calculate the remainder when a(-13) is divided by 54.
21
Let q be (-1 - -21)/(5/(1060/8)). Calculate the remainder when ((-2)/5)/(1 - 532/q) is divided by 0 - (0 - (29 - 2)).
25
Suppose 0 = -5*m - 3*j + 25, -5*m + 5*j = 2*j - 25. Suppose 0*o = t - 5*o - 9, 5*t = -m*o + 75. What is the remainder when 52 is divided by t?
10
Suppose 4*x = -3*k + 7*k + 52, -2*k = -4*x + 46. Suppose 64*m = -3*h + 65*m + 37, -51 = -4*h + m. What is the remainder when h is divided by x?
4
Suppose 10 + 5 = j + 2*y, 5*j + 5*y - 85 = 0. Suppose w - 26 = -j. What is the remainder when 20 is divided by w?
6
Let u = -112 - -205. Suppose 97 = 4*a - v, -5*a = 18*v - 13*v - 115. Calculate the remainder when u is divided by a.
21
Let y(p) = -9*p - 16. Let i be y(-12). Suppose -i = -3*w + z, -w = -4*z - 16 - 0. What is the remainder when 126 is divided by w?
30
Suppose -3*b = -25*b + 5346. Calculate the remainder when b is divided by 4.
3
Suppose 16*d - 5*d = 572. Let h(p) = -p**3 - 7*p**2 - 10*p - 6. Calculate the remainder when d is divided by h(-6).
16
Suppose -5*i = -9 + 34, -3*t - 4*i = -16. What is the remainder when 22 is divided by t?
10
Suppose -5*z = 5*r - 20, 2*z = -7*r + 3*r + 14. What is the remainder when (2/(-10))/(11/(-110) - 0) is divided by z?
0
Let g(y) = y**2 - 377. What is the remainder when 108 is divided by g(22)?
1
Let r = -76 + 100. Suppose 2*l - l - 105 = 3*q, 5*l - q - 469 = 0. What is the remainder when l is divided by r?
21
Calculate the remainder when 10 is divided by (54/18)/(1 - (-2 - 0)).
0
Suppose -60 - 5 = -q. Suppose 0 = q*t - 67*t + 22. What is the remainder when 42 is divided by t?
9
Suppose 2*f - 192 = -4*k, 0*k + k = 3*f - 281. Calculate the remainder when f is divided by 24.
22
Suppose n + 0*n - 15 = 0. Suppose 3*z = -12*v + 7*v + 132, -2*v = 0. What is the remainder when z is divided by n?
14
Suppose -7 + 11 = -2*o. What is the remainder when ((-170)/(-6))/(o/(-12)) is divided by 43?
41
Let a be (12/(-18))/(1 + 2/(-6)). What is the remainder when 57 is divided by (a/(-2) - (-35)/42)*12?
9
Suppose 3*m + 2*m = 0. Suppose -4*y = -4*b - b - 55, -5*b - 15 = m. What is the remainder when (-61)/(-1) - 12*(-7)/(-28) is divided by y?
8
Let x be (-6)/(-15)*5 - 8. Let n be 4/x*(-13 + 16). What is the remainder when 9*n/(-6) - -48 is divided by 13?
12
Let g(x) = x - 11. Let o be g(14). Suppose -o*a + a + 34 = 0. Suppose -4*h - 9 + 1 = p, 2*p - 3*h - a = 0. Calculate the remainder when 6 is divided by p.
2
Let w(v) = -4*v + 17 - 5 + v**2 - 6. Suppose -z = -4*k - 28 - 3, 3*k - 3 = -z. Calculate the remainder when z is divided by w(4).
3
Suppose 37*l = 32*l + 70. Suppose 247 = 12*h + 7. Calculate the remainder when h is divided by l.
6
Let w(f) = -4*f - 2. Suppose -3*k + u = -5 + 23, 5*k + 4*u + 30 = 0. Calculate the remainder when (-55)/44*(-2064)/60 is divided by w(k).
21
Let k(i) = -6*i - 23. Suppose -2*y + 9 = 29. Calculate the remainder when k(y) is divided by 13.
11
Let b(x) = -x**3 + 13*x**2 + 18*x + 8. Calculate the remainder when b(14) is divided by 23.
18
Calculate the remainder when (-8)/52 - (-4608)/39 is divided by 31.
25
Let t = 2299 - 2270. Calculate the remainder when 1069 is divided by t.
25
Suppose 4*j + 5*r = 68, 36 = 2*j - r + 3*r. Let q = 5 + -15. Let n = j + q. Calculate the remainder when 45 is divided by n.
9
Let x(h) be the first derivative of -h**4/2 - h**2 - 4. Let r = -14 - -50. Calculate the remainder when r is divided by x(-2).
16
Suppose 2*x + 4*r = 254, -4*x = -2*r + 257 - 765. Suppose 0*v = -4*v + 104. What is the remainder when x is divided by v?
23
Let w be 23/5 - 24/40. Suppose 3*q - 29 = -3*p - q, 5*q = -w*p + 38. What is the remainder when (7/((-126)/24))/((-2)/18) is divided by p?
5
Suppose -3*u + 3*o + 4 + 2 = 0, 3*u - o - 6 = 0. What is the remainder when 17 is divided by u/6 + 16/6?
2
Suppose -10 = 5*o - 0*n - 4*n, -2*o - 3*n = -19. Suppose 5*b = o*y + 59, 2*b - 6*b + y = -49. What is the remainder when 50 is divided by b?
11
Let y be -4 + 14/(4 - 2). Let z(t) = 8*t - 2. Calculate the remainder when (36 - (1 + -4)) + y is divided by z(3).
20
What is the remainder when 76 is divided by (-2 + 3)/(-5*4/(-700))?
6
Let n = 837 - 833. What is the remainder when 31 is divided by n?
3
Let m = -1188 + 1241. Calculate the remainder when m is divided by 2/(-6) + (-116)/(-6).
15
Calculate the remainder when -15*(-30)/(-18)*18/(-15) is divided by 14.
2
Suppose -359*d = -352*d - 56. Calculate the remainder when 42 is divided by d.
2
Let j be ((-8)/(-3))/((-10)/(-15)). Suppose -2*l = -0*q + 2*q - 92, -j*l - 2*q + 186 = 0. Let c = l + -4. Calculate the remainder when c is divided by 15.
13
Suppose -153 = 3*d - 522. Calculate the remainder when d is divided by ((-407)/22 + 8)/((-1)/2).
18
Let q = 28 - 32. Let o be (3 + 8/q)*0. Suppose -j = -2*k - o + 10, 4 = -2*j. What is the remainder when 14 is divided by k?
2
Calculate the remainder when 727 is divided by 3 + 0 + (5 + -258)/(-11).
25
Suppose -388*x + 380*x = -512. Calculate the remainder when 88 is divided by x.
24
Let j(k) = 26*k**2 - 3. What is the remainder when j(-2) is divided by 29?
14
Suppose -300 = -5*u - 5*z, 5*u + z + 164 = 8*u. What is the remainder when 227 is divided by u?
3
Let c be (2/(-3))/((-2)/12). Suppose c*o - 46 = 10. What is the remainder when o is divided by (10/(-6) + 3)*3?
2
Suppose 0 = 5*s - 5 - 140. Let g be (-10)/(2 + (-5 - -4)). What is the remainder when s is divided by g/((-1)/(-1 + 2))?
9
Suppose 3009 = 19*c - 2*c. What is the remainder when c is divided by 20?
17
Let w(a) = 3*a + 136. What is the remainder when 47 is divided by w(-44)?
3
Suppose -2*q + 5*q = -y + 51, -4*y + 184 = 2*q. Let r = 28 + -16. What is the remainder when y is divided by r?
9
Suppose 0 = -3*w - 4*s + 135, -4*s = 4 + 8. Let q(h) = 5 + 11*h**3 - 12*h**3 + 3*h**2 + 2*h**2 + 6*h + 2*h. What is the remainder when w is divided by q(6)?
15
Let x be 2/(-3) - (-205)/15. Let u = -10 + x. Calculate the remainder when 5 is divided by u.
2
Let w(i) = -i**2 - 23*i - 39. Calculate the remainder when w(-17) is divided by 34.
29
Suppose 0 = 4*w - 4*x + 12, 0*x - 5*x + 13 = -3*w. Let y(k) = -37*k**3 - 2*k**2 - 4*k - 2. Calculate the remainder when 147 is divided by y(w).
36
Suppose u - 13 = -2*w, -w = -6*u + 5*u - 2. Suppose 8*g - u*g = 10. Let c(p) = p**3 + 4*p**2 - 2*p - 5. Calculate the remainder when c(-4) is divided by g.
1
What is the remainder when 283 is divided by (192/6)/((5 - 3)/2)?
27
Let d(k) = -k**2 + 41*k - 145. Calculate the remainder when d(34) is divided by 48.
45
Suppose -4*q - 25 = -9*q. Suppose -l - 24 = -q*v, l + 4 + 0 = 0. Suppose -142 = -v*o - 26. Calculate the remainder when o is divided by 8.
5
Suppose 47 = 5*b - 488. Suppose -4*o + 27 = -3*o. What is the remainder when b is divided by o?
26
What is the remainder when 205 is divided by (-1788)/(-33) - (-10)/(-55)?
43
Let j(d) be the third derivative of 29*d**4/24 - d**3/3 + 16*d**2. Calculate the remainder when j(1) is divided by 6.
3
Suppose 2*m + 28 = 5*u, 16 = 2*u - 0*u + 4*m. Suppose 3*y - p - 15 = 0, 3*p + u = 2*y - 4. Calculate the remainder when 6 is divided by y.
1
Suppose 0 = -3*m - 3*i + 192, 3*m = 4*m + 5*i - 76. Let d = m - 29. Suppose -2*a + 28 = 6. What is the remainder when d is divided by a?
10
Calculate the remainder when (-80)/140 + 11001/7 is divided by 12.
11
Let m = 1392 + -1378. What is the remainder when 130 is divided by m?
4
Let s(a) = -4 + 5 + 26*a